{"id":434,"date":"2019-09-13T05:24:14","date_gmt":"2019-09-13T05:24:14","guid":{"rendered":"https:\/\/sitkatheme.com\/main\/?page_id=434"},"modified":"2021-10-06T22:00:53","modified_gmt":"2021-10-06T22:00:53","slug":"sedat-biga-hakkinda","status":"publish","type":"page","link":"https:\/\/mikroturk.com\/site\/sedatbiga\/sedat-biga-hakkinda\/","title":{"rendered":"SEDAT B\u0130GA"},"content":{"rendered":"\n<br><span style=\"font-size:22px; font-weight:bold;\">Sedat Biga, Mikro Kaynak ve Medikal Kaynak y\u00f6ntemlerinin T\u00fcrkiye\u2019deki \u00f6nc\u00fcs\u00fc ve ilk uygulay\u0131c\u0131s\u0131d\u0131r.<\/span><br><br>\n\n\n\n<p>1990 y\u0131l\u0131ndan beri sekt\u00f6r\u00fcn i\u00e7inde olan Sedat Biga, \u00fcnl\u00fc modac\u0131lar Y\u0131ld\u0131r\u0131m Mayruk, Cemil \u0130pek\u00e7i, Vural G\u00f6k\u00e7ayl\u0131, Barbaros \u015eansal, Cengiz Abazo\u011flu ile ortak projelerde yer alm\u0131\u015ft\u0131r.<\/p>\n\n\n\n<p>Eurovision \u015eark\u0131 Yar\u0131\u015fmas\u0131, Japonya\u2019da T\u00fcrk Y\u0131l\u0131 \u201cModa Show\u201d, Paris\u2019te Haut Coiffeur Fran\u00e7ais Moda Show ve Rotterdam\u2019da Hollanda Krali\u00e7esi onuruna d\u00fczenlenen \u00f6zel defilerde sa\u00e7 tasar\u0131mlar\u0131 yapm\u0131\u015ft\u0131r.<\/p>\n\n\n\n<p>Uluslararas\u0131 akademilerden al\u0131nm\u0131\u015f kesim ve renklendirme uygulamalar\u0131 konusunda sertifikalara sahip olan Sedat Biga, yurti\u00e7inde ve yurtd\u0131\u015f\u0131nda a\u00e7m\u0131\u015f oldu\u011fu salonlarda sa\u00e7 tasar\u0131m\u0131 yapmaktad\u0131r.<\/p>\n\n\n\n<p class=\"has-text-align-center\"><strong><a href=\"https:\/\/www.sedatbiga.com\/mikro-sac-kaynak\/\">Mikro Kaynak<\/a><\/strong>&nbsp;ve&nbsp;<strong><a href=\"https:\/\/www.sedatbiga.com\/medikal-kaynak\/\">Medikal Kaynak<\/a><\/strong>&nbsp;alan\u0131nda ar-ge \u00e7al\u0131\u015fmalar\u0131n\u0131 2015 y\u0131l\u0131nda ba\u015flat\u0131p 2016 y\u0131l\u0131nda sonu\u00e7land\u0131rarak T\u00fcrk kuaf\u00f6rl\u00fck sekt\u00f6r\u00fcnde \u00f6nemli bir d\u00f6n\u00fc\u015f\u00fcm\u00fcn \u00f6nc\u00fcs\u00fc olarak an\u0131lmaya ba\u015flam\u0131\u015ft\u0131r. Tasarlad\u0131\u011f\u0131 ve form\u00fcle etti\u011fi renkleri isimlendirerek sekt\u00f6rde \u00fcr\u00fcn alg\u0131s\u0131n\u0131n olu\u015fmas\u0131nda fikir \u00f6nc\u00fcs\u00fc olarakta kabul edilir.<\/p>\n\n\n\n<p class=\"has-text-align-center\">Ba\u015fl\u0131ca \u00c7al\u0131\u015fmalar\u0131n\u0131; \u201cMikro kaynak,&nbsp;<strong><a href=\"https:\/\/www.sedatbiga.com\/ombre\/\">Ay\u0131\u015f\u0131\u011f\u0131 ombre<\/a><\/strong>, Ruken kumral\u0131, Ruken kumral\u0131 ombre, Kumral gri, Kumral gri ombre, Kumral bej, Kumral bej ombre, \u0130rlanda bak\u0131r\u0131, \u0130rlanda bak\u0131r\u0131 ombre\u201d olarak s\u0131ralamak m\u00fcmk\u00fcnd\u00fcr.&nbsp;<\/p>\n\n\n\n<p class=\"has-text-align-center\">Kariyerinin 7 y\u0131l\u0131n\u0131 sa\u00e7 kesimi ve renklendirme teknikleri e\u011fitmeni olarak ge\u00e7irmi\u015f olmas\u0131 sebebi ile personel yeti\u015ftirme konusunda ayr\u0131 bir uzmanl\u0131k alan\u0131na sahip olan Sedat Biga, deneyimlerini i\u015f arkada\u015flar\u0131na iletme ve y\u00f6netici yeti\u015ftirme konusunda sihirli de\u011fne\u011fe sahiptir\u2026<\/p>\n\n\n\n<blockquote class=\"wp-block-quote has-text-align-center is-style-default\"><p><em><em>Sa\u00e7lar\u0131n\u0131n sa\u011fl\u0131\u011f\u0131n\u0131, sa\u00e7\u0131ndaki renk ile istedi\u011fin renk aras\u0131ndaki ton fark\u0131 belirler.<\/em><\/em><\/p><\/blockquote>\n","protected":false},"excerpt":{"rendered":"<p>Sedat Biga, Mikro Kaynak ve Medikal Kaynak y\u00f6ntemlerinin T\u00fcrkiye\u2019deki \u00f6nc\u00fcs\u00fc ve ilk uygulay\u0131c\u0131s\u0131d\u0131r. 1990 y\u0131l\u0131ndan beri sekt\u00f6r\u00fcn i\u00e7inde olan Sedat Biga, \u00fcnl\u00fc modac\u0131lar Y\u0131ld\u0131r\u0131m Mayruk, Cemil \u0130pek\u00e7i, Vural G\u00f6k\u00e7ayl\u0131, Barbaros \u015eansal, Cengiz Abazo\u011flu ile ortak projelerde yer alm\u0131\u015ft\u0131r. Eurovision \u015eark\u0131 Yar\u0131\u015fmas\u0131, Japonya\u2019da T\u00fcrk Y\u0131l\u0131 \u201cModa Show\u201d, Paris\u2019te Haut Coiffeur Fran\u00e7ais Moda Show ve Rotterdam\u2019da Hollanda Krali\u00e7esi onuruna d\u00fczenlenen \u00f6zel defilerde sa\u00e7 tasar\u0131mlar\u0131 yapm\u0131\u015ft\u0131r. Uluslararas\u0131 akademilerden al\u0131nm\u0131\u015f kesim ve renklendirme uygulamalar\u0131 konusunda sertifikalara sahip olan Sedat Biga, yurti\u00e7inde ve yurtd\u0131\u015f\u0131nda a\u00e7m\u0131\u015f oldu\u011fu salonlarda sa\u00e7 tasar\u0131m\u0131 yapmaktad\u0131r. Mikro Kaynak&nbsp;ve&nbsp;Medikal Kaynak&nbsp;alan\u0131nda ar-ge \u00e7al\u0131\u015fmalar\u0131n\u0131 2015 y\u0131l\u0131nda ba\u015flat\u0131p 2016 y\u0131l\u0131nda sonu\u00e7land\u0131rarak T\u00fcrk kuaf\u00f6rl\u00fck sekt\u00f6r\u00fcnde \u00f6nemli bir d\u00f6n\u00fc\u015f\u00fcm\u00fcn \u00f6nc\u00fcs\u00fc olarak an\u0131lmaya ba\u015flam\u0131\u015ft\u0131r. Tasarlad\u0131\u011f\u0131 ve form\u00fcle etti\u011fi renkleri isimlendirerek sekt\u00f6rde \u00fcr\u00fcn alg\u0131s\u0131n\u0131n olu\u015fmas\u0131nda fikir \u00f6nc\u00fcs\u00fc olarakta kabul edilir. Ba\u015fl\u0131ca \u00c7al\u0131\u015fmalar\u0131n\u0131; \u201cMikro kaynak,&nbsp;Ay\u0131\u015f\u0131\u011f\u0131 ombre, Ruken kumral\u0131, Ruken kumral\u0131 ombre, Kumral gri, Kumral gri [&hellip;]<\/p>\n","protected":false},"author":1,"featured_media":0,"parent":0,"menu_order":0,"comment_status":"closed","ping_status":"closed","template":"","meta":[],"_links":{"self":[{"href":"https:\/\/mikroturk.com\/site\/sedatbiga\/wp-json\/wp\/v2\/pages\/434"}],"collection":[{"href":"https:\/\/mikroturk.com\/site\/sedatbiga\/wp-json\/wp\/v2\/pages"}],"about":[{"href":"https:\/\/mikroturk.com\/site\/sedatbiga\/wp-json\/wp\/v2\/types\/page"}],"author":[{"embeddable":true,"href":"https:\/\/mikroturk.com\/site\/sedatbiga\/wp-json\/wp\/v2\/users\/1"}],"replies":[{"embeddable":true,"href":"https:\/\/mikroturk.com\/site\/sedatbiga\/wp-json\/wp\/v2\/comments?post=434"}],"version-history":[{"count":42,"href":"https:\/\/mikroturk.com\/site\/sedatbiga\/wp-json\/wp\/v2\/pages\/434\/revisions"}],"predecessor-version":[{"id":2906,"href":"https:\/\/mikroturk.com\/site\/sedatbiga\/wp-json\/wp\/v2\/pages\/434\/revisions\/2906"}],"wp:attachment":[{"href":"https:\/\/mikroturk.com\/site\/sedatbiga\/wp-json\/wp\/v2\/media?parent=434"}],"curies":[{"name":"wp","href":"https:\/\/api.w.org\/{rel}","templated":true}]}}